n 15716 is divided by 574.
218
What is the remainder when 6311412 is divided by 792?
756
Calculate the remainder when 5604269 is divided by 1401066.
5
What is the remainder when 314363 is divided by 914?
861
Calculate the remainder when 1068470 is divided by 3818.
3248
What is the remainder when 468736 is divided by 152729?
10549
What is the remainder when 698254 is divided by 274?
102
What is the remainder when 34456295 is divided by 7100?
7095
What is the remainder when 456648 is divided by 93?
18
What is the remainder when 1873625 is divided by 1873588?
37
Calculate the remainder when 73642596 is divided by 775185.
21
What is the remainder when 545099 is divided by 4954?
159
What is the remainder when 4467802 is divided by 10366?
56
What is the remainder when 792919 is divided by 792903?
16
Calculate the remainder when 8696756 is divided by 3.
2
What is the remainder when 20504848 is divided by 613?
611
Calculate the remainder when 407303 is divided by 1859.
182
Calculate the remainder when 1527710 is divided by 254614.
26
What is the remainder when 7587445 is divided by 12752?
5
Calculate the remainder when 3542 is divided by 1731.
80
Calculate the remainder when 461451 is divided by 608.
587
Calculate the remainder when 5565184 is divided by 109.
80
What is the remainder when 15361 is divided by 298?
163
Calculate the remainder when 30763827 is divided by 15192.
27
Calculate the remainder when 1326051 is divided by 6943.
6881
What is the remainder when 846400 is divided by 33856?
0
What is the remainder when 414417 is divided by 120?
57
Calculate the remainder when 2521483 is divided by 229221.
52
Calculate the remainder when 1382070 is divided by 20030.
0
Calculate the remainder when 20474 is divided by 3931.
819
What is the remainder when 660349 is divided by 827?
403
Calculate the remainder when 1327747 is divided by 265547.
12
What is the remainder when 42050944 is divided by 1414?
1412
What is the remainder when 20234652 is divided by 83?
82
What is the remainder when 565387 is divided by 282658?
71
What is the remainder when 6408529 is divided by 33728?
209
What is the remainder when 86030 is divided by 925?
5
What is the remainder when 26000763 is divided by 1825?
1813
What is the remainder when 159255 is divided by 1223?
265
Calculate the remainder when 200571 is divided by 24991.
643
What is the remainder when 20867219 is divided by 108?
107
Calculate the remainder when 205351 is divided by 2443.
139
Calculate the remainder when 71521 is divided by 6483.
208
What is the remainder when 109082105 is divided by 836?
825
What is the remainder when 54802569 is divided by 2129?
2109
Calculate the remainder when 437476 is divided by 336.
4
Calculate the remainder when 4085 is divided by 3009.
1076
What is the remainder when 1756085 is divided by 38166?
449
What is the remainder when 5215313 is divided by 36?
29
Calculate the remainder when 90936 is divided by 550.
186
What is the remainder when 11269 is divided by 10950?
319
Calculate the remainder when 18076764 is divided by 1215.
1209
What is the remainder when 100611 is divided by 1212?
15
Calculate the remainder when 8435959 is divided by 1189.
4
Calculate the remainder when 546304 is divided by 109.
105
Calculate the remainder when 3327050 is divided by 665406.
20
What is the remainder when 790976 is divided by 1433?
1393
Calculate the remainder when 871383 is divided by 217844.
7
What is the remainder when 40617648 is divided by 327?
324
Calculate the remainder when 9318933 is divided by 54.
45
Calculate the remainder when 6005612 is divided by 84.
32
Calculate the remainder when 49793 is divided by 49162.
631
What is the remainder when 566106 is divided by 851?
191
Calculate the remainder when 43151990 is divided by 5393994.
38
Calculate the remainder when 32030301 is divided by 2569.
9
Calculate the remainder when 126633431 is divided by 453.
452
Calculate the remainder when 46560 is divided by 1293.
12
What is the remainder when 4963211 is divided by 8?
3
Calculate the remainder when 11473 is divided by 4372.
2729
Calculate the remainder when 33914 is divided by 10944.
1082
Calculate the remainder when 861614 is divided by 66277.
13
Calculate the remainder when 2296678 is divided by 110.
98
What is the remainder when 246977 is divided by 61728?
65
Calculate the remainder when 13930792 is divided by 13930721.
71
Calculate the remainder when 13110 is divided by 8543.
4567
Calculate the remainder when 10905142 is divided by 591.
10
What is the remainder when 4351258 is divided by 4029?
3967
Calculate the remainder when 164214 is divided by 4357.
3005
Calculate the remainder when 3939896 is divided by 1713.
1709
What is the remainder when 167072405 is divided by 431?
427
What is the remainder when 72946 is divided by 7264?
306
What is the remainder when 12513024 is divided by 14155?
4
What is the remainder when 11227402 is divided by 6?
4
Calculate the remainder when 23375190 is divided by 50.
40
What is the remainder when 12260 is divided by 2255?
985
Calculate the remainder when 43309870 is divided by 2625.
2620
What is the remainder when 1967656 is divided by 81985?
16
What is the remainder when 36895671 is divided by 7379129?
26
What is the remainder when 41736 is divided by 2649?
2001
Calculate the remainder when 30935369 is divided by 1510.
1509
Calculate the remainder when 211545 is divided by 456.
417
What is the remainder when 508217 is divided by 46193?
94
Calculate the remainder when 338198 is divided by 3934.
3808
Calculate the remainder when 12069872 is divided by 102.
8
What is the remainder when 89865356 is divided by 78?
74
Calculate the remainder when 8271330 is divided by 6.
0
What is the remainder when 503682 is divided by 1144?
322
Calculate the remainder when 15186 is divided by 120.
66
Calculate the remainder when 80160 is divided by 23.
5
Calculate the remainder when 580980923 is divided by 12.
11
Calculate the remainder when 7273055 is divided by 115.
110
What is the remainder when 37967025 is divided by 71?
59
Calculate the remainder when 137836078 is divided by 534.
532
Calculate the remainder when 856482 is divided by 197.
123
What is the remainder when 5426318 is divided by 387594?
2
What is the remainder when 492251 is divided by 492223?
28
What is the remainder when 123090 is divided by 61215?
660
What is the remainder when 380319391 is divided by 514?
511
What is the remainder when 12545654 is divided by 2509116?
74
What is the remainder when 291084534 is divided by 17?
11
Calculate the remainder when 74021070 is divided by 2741521.
3
Calculate the remainder when 9256 is divided by 1469.
442
Calculate the remainder when 57175 is divided by 240.
55
What is the remainder when 32430 is divided by 14890?
2650
Calculate the remainder when 20825108 is divided by 10.
8
What is the remainder when 191017 is divided by 95353?
311
Calculate the remainder when 45151281 is divided by 218.
211
What is the remainder when 109335 is divided by 2278?
2269
What is the remainder when 1920531 is divided by 435?
6
What is the remainder when 4398 is divided by 3838?
560
What is the remainder when 543343 is divided by 21432?
7543
Calculate the remainder when 72279686 is divided by 686.
668
Calculate the remainder when 1224749 is divided by 2324.
1
What is the remainder when 19525 is divided by 1320?
1045
What is the remainder when 4778581 is divided by 4019?
4009
Calculate the remainder when 6952 is divided by 6896.
56
What is the remainder when 16269616 is divided by 49?
48
Calculate the remainder when 91006 is divided by 28506.
5488
What is the remainder when 53076 is divided by 13167?
408
What is the remainder when 1253825 is divided by 42?
41
Calculate the remainder when 5472950 is divided by 2736471.
8
Calculate the remainder when 22421089 is divided by 7473679.
52
What is the remainder when 351390 is divided by 7011?
840
Calculate the remainder when 14481167 is divided by 3633.
29
What is the remainder when 28703 is divided by 14027?
649
What is the remainder when 431479 is divided by 215714?
51
What is the remainder when 37701490 is divided by 120?
10
Calculate the remainder when 8902031 is divided by 115.
111
What is the remainder when 166230090 is divided by 15